-2
Calculate (-3 + 20 - 25) + 6.
-2
Calculate (3 - (15 - -14)) + 26.
0
What is (-1 - (6 + 0)) + (10 - 10) + 16?
9
What is 28 + 49 + -86 + (0 - 1)?
-10
Calculate 19 - 9 - (-12 + 24).
-2
What is the value of -33 - -24 - ((-1 - (-6 + -1)) + 0)?
-15
Calculate 2 + (-6 + 3 - -6 - -2).
7
What is -7 - (-5 + -12 + 15)?
-5
Calculate -31 + 26 + 8 + (-1 - 0) + -30.
-28
What is the value of -15 + (-1 - -2) + 12 + -22 + 17?
-7
14 + 2 - ((8 - -5) + -11 + 6)
8
What is 34 - (24 + 1) - (7 - 0)?
2
What is 11 + (15 - 13) - 22?
-9
Calculate -7 + 1 - (12 + -23 - -10).
-5
What is the value of 33 + -8 + -34 + -8?
-17
What is -13 + -6 + 13 + (-3 - -14)?
5
Calculate 6 - ((-111 - -116) + (4 - 0)).
-3
What is -1 + (4 - -4) + -10 + 15?
12
Evaluate -13 + (0 + 29 - 15) - -3.
4
16 + -44 + 18 + 0
-10
Evaluate (0 - 4) + 0 + (117 - 109) - 22.
-18
What is -13 + 9 + -4 + -7 + (8 - 4)?
-11
What is -86 - (-125 - -34) - (-1 - -10)?
-4
6 + (13 + -8 - 9 - (-3 + 1))
4
What is the value of (23 - 29) + (15 - 2) + -2?
5
What is 0 + 5 + (-3 - 6) - 1?
-5
Evaluate (1 - (30 + -9 + -8 + -8)) + -18.
-22
What is 15 - 21 - (3 - 5 - -3 - 21)?
14
Calculate 1 + (-5 - (-5 + 1) - -1) + 3.
4
Evaluate (-3 - 1) + (-19 - -19).
-4
Evaluate -1 + 2 - 19 - (9 + -15 + 18).
-30
Calculate (1 - (-1 - -26)) + (181 - 172).
-15
(14 - 21) + (-1 - (-5 - 8)) + -5
0
What is (-3 - 1 - 11) + (-32 - -21) + 2?
-24
Calculate 10 + -34 - 2 - -6.
-20
Evaluate 1 + -1 - ((-16 + 7 - -5) + 7).
-3
-21 + 9 + -7 + 5 + -6 + -2
-22
Calculate 38 + 14 + -23 + -33.
-4
17 - (30 + 20 - 27)
-6
What is 11 + (0 - -1) - 8?
4
What is the value of (-19 - -24 - 37) + 9?
-23
Evaluate (-8 - -6) + -3 + (5 - 5) + -1.
-6
What is (-8 - (11 - 4)) + 28 + (-4 - 2)?
7
Evaluate (-35 - -21) + 18 - 33.
-29
(12 + -18 - 19) + 9 + -2
-18
6 + -7 - (-4 + 16 + -2)
-11
What is -182 + 150 - (-41 + -1)?
10
What is -18 - (2 - -3 - (-111 - -106))?
-28
Evaluate 2 - (1 + (6 - (8 - -1))).
4
What is 5 + -5 - (12 + -1 - 2)?
-9
What is 3 - 10 - (-10 + 3) - -3 - -4?
7
What is the value of 19 + -15 - (-1 + -1 + 0)?
6
What is (-1 - 0) + 14 + 0 + 0?
13
What is the value of -37 + (31 - (-7 + 18))?
-17
What is the value of (-14 - (1 - (22 + -12))) + 1 + -25?
-29
Calculate 0 - -4 - (34 + -26 + 14).
-18
What is the value of 1 + (0 - -6) - 11 - -6 - -13?
15
What is the value of (17 - 28) + (0 - 2) + 25?
12
What is the value of 10 + (-46 - -34 - (-43 + -3 + 5))?
39
What is 4 + -5 + 11 + (-7 - -1) - -1?
5
What is 59 - 65 - (4 + 2 - 1)?
-11
What is the value of (-7 - (12 - 8)) + 9 - (0 - 0)?
-2
What is the value of 8 + (0 - -2) - (47 - (-20 + 38))?
-19
Evaluate (-1 - -1) + 1 + 155 + -154.
2
What is 43 + -51 + -20 - -29?
1
Evaluate 20 + (-5 - -9) + -44.
-20
Evaluate (57 - 55) + (-24 - -22) + 0 + 5.
5
-50 + 43 + (-1 - 0)
-8
-7 - (9 + -22) - (-3 + (-1 - 3))
13
What is the value of 11 + -9 - (12 - 7)?
-3
What is -4 - ((-4 - 13) + 14)?
-1
Calculate 34 - (7 - ((36 - 48) + (10 - 3))).
22
What is the value of -2 - ((10 + -8 - 0) + -13)?
9
Calculate (-19 - (-49 + 30)) + (1 - -9).
10
What is (10 - -6) + -10 - 10 - (-1 + 3)?
-6
Calculate 6 - (3 - (-4 + 2 + -5)).
-4
What is 0 + 5 + (2 - 1)?
6
What is the value of -3 + (-191 - -188) + 3 + 1 + -1?
-3
What is 41 - (27 - (-23 - -12))?
3
What is 6 + (-3 - -5) - 5 - 12?
-9
What is (-8 - -2) + 9 + 11 + -10?
4
What is the value of 57 - 5 - (394 - 354)?
12
What is (0 + -1 - (-1 + 23)) + (-711 - -718)?
-16
What is the value of -6 + -5 + 24 + -14?
-1
Calculate (-68 - -69) + 1 + -1 - (-1 - 12).
14
Evaluate -2 - (-3 + (12 - 16) + -14).
19
Evaluate (1 - (7 + -8) - (4 + -12)) + 11.
21
Evaluate -2 - (10 - (16 + -11 + 7)).
0
What is the value of -5 + -3 + 9 - -7 - -1 - 11?
-2
What is the value of 28 - 23 - (2 + 8) - (-9 + 2)?
2
Evaluate 2 + 2 + (15 - 21 - 2).
-4
What is the value of -27 + 19 + 2 + -3?
-9
What is 4 - (-4 - 1) - (15 - -15)?
-21
-8 + (99 - 100 - (1 - 0))
-10
What is the value of -9 + (4 - (14 + 4))?
-23
Evaluate -8 + 19 - (14 + -5 - -10).
-8
What is (0 + 1 - -8) + -98 + -9 + 103?
5
What is the value of 12 - (-7 + 1 + (50 - 29))?
-3
-1 + -25 + 3 + 11
-12
(-10 - -1) + 16 + (4 - -6)
17
(-1 - 1) + 5 + -3 - (1 - 5)
4
Evaluate 8 + (0 - (14 - 11) - -12).
17
Evaluate -289 - -302 - (22 - 0).
-9
-11 + (4 - (10 - 13))
-4
Evaluate 42 + -14 - 10 - (-5 + (-8 - -5)).
26
What is 30 + (-2 - -1) + -2 + 15 + -23?
19
Evaluate -35 - (-5 - (-1 - -3) - (-25 - -16)).
-37
What is -10 + -6 + 6 + -1 + 8 - 5?
-8
Calculate 13 - (-11 - -7) - 15.
2
What is (-19 - -24) + -23 + 28?
10
Evaluate -16 + (17 - (9 - 0)).
-8
What is (44 + -41 - -19) + 3 + -1 + -6?
18
Calculate -15 + (1 - -18 - 21).
-17
-13 + (-9 + 25 - 2)
1
What is -3 - (-5 + -5 - -2) - (14 - -3)?
-12
What is (-17 - -12 - (-3 - (-6 - -3))) + 5?
0
What is the value of -9 + 3 + 4 - 8?
-10
What is 500 + -481 - (-9 + 2)?
26
What is the value of 7 - 26 - -11 - -3?
-5
Calculate -3 + -4 + 3 + 7 + -5.
-2
Evaluate (-2 + 6 - (-23 + 30)) + 12.
9
2 + 0 + (3 - 5 - -16) + -9
7
What is the value of (8 - (4 - 3)) + (-18 - -41 - 11)?
19
583 - 597 - (0 - 33)
19
What is the value of 30 + 5 + -5 + -4 - (2 + 5)?
19
Calculate -10 + 3 + 13 - (-49 - -46).
9
Evaluate -1 + (13 - 23 - 1 - -9).
-3
What is 1002 + -998 + (13 - 0)?
17
Calculate 36 + -39 + -4 + 13.
6
What is the value of -5 + (-6 - (15 + -19))?
-7
What is the value of (-13 - (2 + -13)) + (8 - -1) - 2?
5
What is (-6 - (-29 + 11)) + 4?
16
Calculate (-27 - -18 - (2 - 19)) + -18.
-10
(2 - (-4 + -4) - -2) + 2
14
What is the value of (6 - 0 - -5 - 20) + 7?
-2
Evaluate -3 + (22 - 23) - (-3 + -3).
2
Evaluate (-1 - -3) + (2 + -1 - -6).
9
Evaluate (24 - (13 + (0 - 2))) + -6.
7
What is the value of -5 + -17 - ((66 - 60) + 4 + -1)?
-31
Calculate 16 + (2 - 1) - (1875 - 1833).
-25
Evaluate 1 + -10 - (-6 + (15 - 6)).
-12
Calculate -3 + 2 - (34 + -42).
7
Calculate -33 - -41 - (0 + (3 - 10)).
15
What is the value of -1 + -4 + 10 + -1 + (-12 - 6)?
-14
What is (-2 - (-7 - 1)) + (21 - 13 - 21)?
-7
What is -6 + -20 + 13 + 19?
6
Evaluate 50 - 26 - 42 - -30.
12
Calculate (31 - 21) + 4 + 1 + (13 - 7).
21
Evaluate (0 + 0 - -2) + (276 - 268).
10
Calculate (13 + -25 + 12 - 12) + -11.
-23
Calculate 13 + (4 - (11 + -6)) + -13.
-1
Calculate -1 + 5 - (7 + -4) - (6 - 9).
4
Calculate -20 - (6 + -42 + 15).
1
What is the value of -13 - (7 - (14 + -10) - 10)?
-6
12 - 21 - (19 - 15)
-13
Calculate 13 + (-5 - -3) + 4 - (-53 + 47).
21
What is -16 + 5 + -1 + 29 + 4?
21
What is (11 - (-6 + 7) - 7) + -7?
-4
2 - (-3 + -11) - 20
-4
Calculate 10 - (9 + (-1 - 1)).
3
13 - ((0 - 5) + (-5 + 37 - 21))
7
Evaluate -2 - -2 - (-44 + 53 - 24).
15
Calculate -30 + 0 - (-34 - -17 - -11).
-24
What is the value of 7 - (-7 - (-18 - -10))?
6
What is the value of (2 + -9 - -3) + 15?
11
-7 + (6 - (-4 + (13 - 1)))
-9
Calculate 95 + -83 - (4 + 8).
0
What is the value of (-5 + 25 + -7 - 14) + -1 + -13?
-15
What is the value of -4 + (7 - (7 + -5)) + -7?
-6
What is the value of (-2 - -1 - 2 - (-4 - -7)) + 17?
11
Evaluate (-2 - 6) + (-7 - (-24 - -9)).
0
What is the value of -27 + (-3 - -25) - 12?
-17
Evaluate (12 - 2) + (-1 - 0) - 21.
-12
Calculate (2 - (15 + -7)) + 30.
24
Evaluate -1 + 5 - (-17 + (11 - 2) + 7).
5
What is 5 - ((21 - 0) + 2 + (2 - 7))?
-13
What is the value of 13 + -9 + (1 + 6 - 6)?
5
What is -16 + 6 + 5 + (5 - -1) + -14?
-13
What is 2 + (1 - (-2 - -9)) + 11?
7
What is (25 - 72) + 57 - ((0 - 0) + 42)?
-32
Evaluate 7 + (-5 - 3) + (-1 - -10) - 4.
4
Calculate 7 - (-38 + 39 + (0 - 3 - -8)).
1
17 - ((6 - 2) + 4 + -1)
10
Evaluate -8 + -1 + (-22 + 10 + 1 - -17).
-3
What is the value of 8 + (-5 - ((0 - 8) + 1))?
10
What is the value of (2 + -4 - -20) + (-23 - 4) + 26?
17
What is 1 + 3 - (10 + -3) - 6?
-9
Calculate -172 + 165 + 0 + 12.
5
10 + -44 + 13 + 13 + -1
-9
What is the value of (4 - 6) + -4 - (2 + 0 - -3)?
-11
Calculate 1 + ((6 - (-2 - -3)) + 1 - -18).
25
Evaluate 6 + -1 + (4 - (7 - -1)).
1
What is 36 - 46 - (-2 + -1 + -8)?
1
Evaluate -37 + (31 - 12) - 2.
-20
Calculate 15 + (-14 - -6 - -3).
10
Calculate 8 + (-17 - 3) - (-1 - 18).
7
What is 27 - (-27 - -85) - -32?
1
(-9 - (8 - 3) - (3 - 10)) + 3
-4
What is -9 + (148 - 157) + -1 + 1 + 8?
-10
(-6 - -18) + -13 + (-15 - -1)
-15
What is the value of -7 + (2 + -3 - 0) + 3 + 4?
-1
(-11 - -16 - 13) + 5 + (6 - 3)
0
What is the value of 1 + (-24 - 6) + 22?
-7
What is -9 + (-5 + 9 + -5 + -7 - -7)?
-10
Ca